-1*m/(-30)). What is the greatest common factor of 15 and o?
15
Let f(r) = -r**2 + 14*r - 1. Let w(h) = -2*h**2 + 27*h - 2. Let s(b) = -11*f(b) + 6*w(b). Let q be s(5). Calculate the highest common divisor of 112 and q.
14
Let c(l) = -l**3 + 27*l**2 - 27*l + 60. Let b be c(26). What is the greatest common divisor of b and 289?
17
Let p(z) = 5*z + 1 - 18 + 4 + 5. Let h be p(5). Let v(o) = 9*o - 4. Let s be v(8). What is the greatest common factor of s and h?
17
Let y(m) = -25*m - 37. Let r be y(-4). Suppose 0 = r*i - 65*i + 28. Calculate the highest common divisor of i and 2.
2
Let l = -268 - -283. What is the greatest common divisor of 2085 and l?
15
Let z = 363 - 347. What is the highest common divisor of 104 and z?
8
Suppose 118*k + 200 = 128*k. Calculate the greatest common factor of 1940 and k.
20
Let s(f) = 12*f**2 - 19*f + 39. Let k be s(-11). Calculate the highest common factor of k and 50.
50
Let q = -22 - -18. Let b be ((-3)/(15/(-20)))/(q/(-3)). What is the greatest common factor of 27 and b?
3
Suppose 5*n = 3*g - 244 - 1524, -4*n = -3*g + 1763. Calculate the greatest common factor of 14 and g.
7
Suppose 54 = 5*r + 24. What is the highest common factor of 36 and r?
6
Let s be (-4)/(-22) + 79*3/(-33). Let v = s - -19. What is the greatest common divisor of v and 60?
12
Let i be (294/4)/((-3)/(-20)). Suppose -5*u - 5*a = -490, -6*u + u - 4*a = -i. Let w be (-4)/(-6) + u/6. Calculate the highest common divisor of 136 and w.
17
Let z(x) = x**2 + 2*x + 430. Let y be z(0). What is the greatest common divisor of y and 172?
86
Suppose -2*u + 0*j = -3*j - 12, 0 = -j. Let t(p) = -3*p - 3. Let x be t(-2). What is the greatest common divisor of x and u?
3
Suppose -490 - 602 = -3*y. What is the highest common factor of y and 14?
14
Suppose 4*a - 2 - 6 = 0. Let k(l) = 2*l - 2. Let w be k(a). Suppose 0 = -3*m + w*m + 16. Calculate the highest common divisor of 32 and m.
16
Let g(v) = 7*v**2 - 16*v + 40. Let s be g(8). What is the greatest common divisor of 200 and s?
40
Suppose -95*h - 2100 = -99*h. Calculate the highest common divisor of h and 125.
25
Let c(s) = 72*s + 213. Let q be c(14). Calculate the greatest common divisor of 33 and q.
33
Let i(k) = 3*k - 11. Let h be i(-12). Let q = -28 - h. What is the greatest common factor of 19 and q?
19
Suppose 0 = 2*b - 5*b + 12, 0 = c + 4*b + 96. Let t = -98 - c. Let s = 27 - -29. Calculate the greatest common divisor of s and t.
14
Let t = 12 + -9. Let u be 3*(t/(-9) + 2). Suppose -2*r - 118 = -u*a, 4*r - 50 = -0*a - 3*a. Calculate the greatest common factor of a and 198.
22
Let y = -125 + 421. What is the highest common divisor of y and 111?
37
Suppose -15*b - 150 = -3375. Calculate the greatest common divisor of 10 and b.
5
Let s = -109 + 155. Suppose -m = u - s, 2*m = -5*u - 0*m + 224. Calculate the highest common factor of u and 11.
11
Let l(b) = 2*b**2 - 8*b + 8. Let n be l(6). Let p = 60 - n. Suppose -47 = 5*k - 117. Calculate the highest common divisor of p and k.
14
Suppose -4*w + 6 = 2*h, 9*h - 5*w = 4*h. Suppose h = 4*v - 11. Suppose -27 = -3*x + v. Calculate the greatest common factor of 10 and x.
10
Suppose 0 = -4*c + 20, 332 = l - 4*c + 25. Let b = 758 - l. Suppose -4*y + b = -3*x, -3*y = 4*x + 83 - 375. What is the greatest common factor of y and 13?
13
Let q be ((-8)/(-3))/(12/18). Let f(p) = -p - 4*p**2 + 5*p + 21*p**2 - 9*p**2. Let k be f(q). Calculate the greatest common factor of k and 16.
16
Suppose m = -m + 4*l - 16, -5*l = -3*m - 21. Let p be 5/m*42/(-5). What is the greatest common divisor of 63 and p?
21
Let h = -75 + 133. Let v = 1338 - 874. Calculate the highest common factor of h and v.
58
Let h(v) be the third derivative of v**5/20 - 5*v**4/24 - 19*v**3/6 - 13*v**2. Let z be h(-6). Calculate the greatest common divisor of 17 and z.
17
Let b(u) = 3*u**3 + u**2 + 2*u - 5. Let h be b(5). Suppose z = -19*z - 0*z + 900. What is the highest common factor of z and h?
45
Let j = 1166 + -1163. What is the highest common factor of j and 237?
3
Suppose 4*v = 70 - 62. Suppose v*h - 58 = 2*j, -h + 35 = -6*j + 2*j. Let b(w) = -w**2 - 6*w - 2. Let s be b(-5). What is the greatest common divisor of s and h?
3
Let n be (-7)/((-7)/66) - -4. Calculate the highest common divisor of 175 and n.
35
Let j = 237 - 227. What is the greatest common divisor of j and 25?
5
Suppose -42*z + 3789 = -12339. Calculate the greatest common divisor of 56 and z.
8
Let n(j) = 6*j - 7. Let k be n(4). What is the greatest common divisor of k and 119?
17
Let g = 24 + -60. Let u = 46 + g. What is the highest common factor of 50 and u?
10
Let p = 2391 + -2049. Calculate the greatest common divisor of p and 570.
114
Suppose 0 = -4*y + n - 2*n + 92, 4*y - 3*n = 108. What is the greatest common factor of 32 and y?
8
Suppose -7*i - 2*i = -27. Let c be 50 + (-2)/((i/6)/(-1)). Calculate the highest common divisor of c and 6.
6
Suppose -15*g = -12*g - 6. Let n be 10/5*15/g. What is the greatest common factor of 6 and n?
3
Let k be (-1295)/(-4) + (-29)/(-116). Calculate the greatest common divisor of 36 and k.
36
Suppose 0 = -2*r + 2*k - 4 + 2, 3*k = -9. Let i be r/(-1)*20/(-16). Let x = i - -6. What is the highest common factor of x and 2?
1
Let h be (3/5)/(1 - (-152)/(-160)). What is the greatest common divisor of h and 116?
4
Let x(a) = 3*a**2 - 21*a + 165. Let q be x(6). Calculate the highest common factor of 98 and q.
49
Let x = -326 - -476. Calculate the greatest common divisor of 525 and x.
75
Let y(l) = l**2 + 12. Let t be y(0). Let c(s) = -s + 14*s**2 + 1 + 0*s - 14*s**2 + 84*s**3. Let d be c(1). What is the greatest common factor of d and t?
12
Suppose -5*s - 2*l + 67 = 2*l, -39 = -3*s - 3*l. Let q be (-2)/11 + 994/22. Calculate the greatest common divisor of q and s.
15
Suppose -8*w + 2 = -6*w. Let q(c) = -8*c + 263. Let u be q(32). What is the highest common factor of w and u?
1
Let d be 7 + -3 - -2 - -46. Calculate the greatest common divisor of 13 and d.
13
Let h be 6/((243/6)/(-9))*-42. Suppose -5*p + 39 = 5*x - 11, 3*x = 2*p - 40. What is the highest common factor of p and h?
14
Let c be (-26)/39*(1 + -13). What is the highest common factor of 88 and c?
8
Suppose -5*p + 1472 - 422 = 0. Let w(g) = 81*g - 213. Let o be w(3). Calculate the greatest common factor of o and p.
30
Let v(h) = 29*h - 1. Let f be v(-1). Let r be (22 - 2)*f/25. Let u = -6 - r. Calculate the highest common divisor of 90 and u.
18
Let g(u) be the first derivative of 24*u**2 - 8*u + 11. Let n be g(4). Calculate the highest common factor of n and 46.
46
Suppose -2*f - b = -159, -f + 0 = -3*b - 62. What is the greatest common divisor of 1001 and f?
77
Suppose -21 = -3*d - 18. Let z be -1*((d - 16) + (5 - 3)). What is the highest common factor of 65 and z?
13
Let z be (-92)/161*854/(-4). What is the greatest common divisor of z and 2?
2
Let d = 2 - 1. Let q be (-5)/(-1)*(-7 + (-380)/(-50)). Calculate the greatest common factor of d and q.
1
Suppose 0 = 7*k - 337 - 2575. Calculate the highest common divisor of k and 64.
32
Let i = 34 + -31. Suppose -10*u + 399 = -i*u. What is the highest common divisor of 19 and u?
19
Let j be 22 - (-2 - -2)/(-2). Suppose 2*k = -4*k + 798. Suppose -u + 2*y + k + 51 = 0, u - y - 180 = 0. Calculate the highest common divisor of u and j.
22
Suppose -3*g = -2*p + 20, -4*p + 60 = -2*g + g. Calculate the greatest common factor of p and 1264.
16
Let x be (6 - 7410/(-25))*5. Calculate the greatest common factor of x and 14.
14
Let g be (-6)/(48/(-10))*4. Suppose -f + g + 1 = 0. Suppose f*q - q - 25 = 0, 0 = 3*w + 3*q - 42. What is the greatest common divisor of w and 6?
3
Suppose -5*v + 472 - 40 = -3*a, 3*v = -4*a + 265. What is the highest common divisor of 319 and v?
29
Suppose -11*a + 9*a = -4*p + 252, -4*p + 250 = -3*a. Calculate the greatest common divisor of p and 208.
16
Let m(y) = y**3 + y**2 + 2*y + 126. Let d be m(0). Suppose 84 = 5*r + 3*o, -2*r = 2*r - 4*o - 80. What is the greatest common factor of d and r?
18
Let m(v) = -v + 11. Let s be m(8). Suppose -3*i + 6 = 0, s*t - 278 = -0*t - i. What is the highest common factor of 46 and t?
46
Let t = 1 + 2. Suppose -4*b = 99 + 65. Let d = b - -68. What is the greatest common factor of d and t?
3
Let b be 2/3*33 - 4. Suppose -b*t - 20 = -20*t. What is the g